 divided by g.
10
Suppose -x = -2*i + 52, -5*i + 15 = -4*i + 5*x. Suppose 4*f - 118 = -3*t, 2*t + t = -f + i. What is the remainder when 152 is divided by f?
28
Suppose 0*n + 5*h - 1590 = -5*n, 0 = 4*h + 8. Calculate the remainder when n is divided by 31.
10
Let d = 992 + -886. Calculate the remainder when d is divided by 28.
22
Let l = -228 + 258. What is the remainder when 86 is divided by l?
26
Calculate the remainder when 76 + 60/(7 + 5) is divided by 27.
0
Suppose 4*q - 196 = 164. Let r = q + -77. Calculate the remainder when 73 is divided by r.
8
Let v = 1790 - 1443. Calculate the remainder when v is divided by 70.
67
Let u = 944 - 109. Calculate the remainder when u is divided by 22.
21
Suppose 4*s = 2*s. Suppose -5*g + s = -10. Suppose -3*q = -2*c + 136, g*q + 132 = -2*c + 4*c. Calculate the remainder when c is divided by 16.
14
Let g(s) = 13*s**2 + s + 1. Let r be (-2)/4*2*-6. Suppose 4*u = 2 - r. Calculate the remainder when 38 is divided by g(u).
12
Let r = 3 - 19. Suppose 0 = 3*o - 2*n - 63, -2*o + 38 = -o + 5*n. Calculate the remainder when o is divided by 4*(-12)/r*2.
5
Let o = 318 + -44. Calculate the remainder when o is divided by 25.
24
Suppose -9*d + 10*d - 4 = 0. Suppose 2*z = -d*z + 252. What is the remainder when z is divided by 22?
20
Suppose 3*b = -r + 16, -2*b + 21 = -3*r + 80. Calculate the remainder when 83 is divided by r.
7
Suppose -4*p - 3*s = -223, -6*p - 4*s = -p - 278. What is the remainder when 224 is divided by p?
50
Suppose -s - 104 = -37. Let d = s + 105. Calculate the remainder when d is divided by (-26)/(3*4/(-6)).
12
Let r(o) = o**2 + 5*o + 2. Let x be r(-6). Suppose 2*p = -3*b + x*b - 140, 0 = -4*b - p + 112. What is the remainder when b is divided by 7?
0
Suppose 15*z - 1067 = 4*z. What is the remainder when 192 is divided by z?
95
Let a = -291 + 412. Suppose 3*n = 2*z + 267, 4*n - 2*z - 132 - 224 = 0. Let t = n + -58. Calculate the remainder when a is divided by t.
28
Suppose 10*y - 260 = 5*y. Let u = y - 46. What is the remainder when 16 is divided by u?
4
What is the remainder when -8*(-7)/7*18 is divided by 20?
4
Let b be -9*((-60)/54)/1. Suppose b*l = 109 - 9. Calculate the remainder when 39 is divided by l.
9
Suppose 5*p = 99 - 39. Calculate the remainder when 49 is divided by p.
1
Suppose -5*l + 3 = z - 0*z, 5*z + 2*l - 15 = 0. Suppose 0 = 3*t - 5*o - 31, 4*t - o = 25 + 22. Calculate the remainder when t is divided by (z/6 - 1)*-10.
2
Let y(i) = -35*i + 351. What is the remainder when 7/6 + (-2)/12 is divided by y(10)?
0
Suppose 5*h + 5*a - 55 = 0, 6*h - h - 4*a = 46. Let j(f) = -f**2 + 10*f + 19. What is the remainder when 149 is divided by j(h)?
16
Let m = 40 - -21. What is the remainder when m is divided by 29?
3
Let j(p) = 4*p + 24. Suppose 6 = 2*o + 5*t + 1, 2*o = 3*t - 3. What is the remainder when j(o) is divided by 9?
6
Let w(y) = -364 - y + 0*y + 387. Calculate the remainder when 101 is divided by w(8).
11
Suppose 0 = -d + 3*j + 28 - 2, d - 2*j - 28 = 0. Let i = 49 + -38. What is the remainder when d is divided by i?
10
Suppose 19*x - 22 = 662. What is the remainder when 68 is divided by x?
32
Let m(k) = -19*k + 202. Calculate the remainder when m(-5) is divided by 30.
27
Suppose -4*y + 35 = 7. Let f = 27 + y. What is the remainder when f is divided by 5?
4
Let r(l) = 7*l - 18. Let f(g) = g**2 + 2*g + 1. Suppose -d + 4 = 3*d - a, -6 = d - 2*a. What is the remainder when r(6) is divided by f(d)?
6
Let m(i) be the third derivative of 3*i**6/40 - i**4/12 + i**3/6 - 12*i**2. What is the remainder when m(2) is divided by 14?
13
Let v(u) = -3*u + 70. Calculate the remainder when v(-18) is divided by 9.
7
Let m be (13/(-3))/((-2)/(-6)). Calculate the remainder when (-2)/(-1 + m/(-14)) is divided by (-136)/(-14) - (-6)/21.
8
What is the remainder when 78 is divided by (1/4 + -1)*120/(-10)?
6
Suppose -3*c = -6099 + 1149. What is the remainder when c is divided by 13?
12
Let i(g) be the first derivative of -5*g**2/2 - 2*g + 1. Let f be i(-11). Let l = f + -23. Calculate the remainder when l is divided by 8.
6
Let d be (-14)/(-4)*32/14. Suppose f - d = 4. Calculate the remainder when 57 is divided by f.
9
Let j(l) = 5*l**2 - 4*l + 4. Let o = -9 + -13. Let z = o - -35. Calculate the remainder when j(3) is divided by z.
11
Suppose -5*k + 12 = 2. Let j be (-5 + -4)*k/(-6). Suppose 68 = 5*o - j*o. What is the remainder when o is divided by 18?
16
Let t = 20 + -1. Let c = t - 5. Let d(f) = -f**3 - 30*f**2 + 28*f - 53. Calculate the remainder when d(-31) is divided by c.
12
Let y = -147 - -166. Suppose -89 = -5*r + 46. Suppose 99 - r = 2*j. Calculate the remainder when j is divided by y.
17
Let h(s) = s + 5. Let j be h(-8). Calculate the remainder when (-69 + 1)/(3 - (j + 7)) is divided by 18.
14
Suppose -4*j + 6 = 3*g + 1, -2*j = 4*g + 10. Let i(k) = -2*k + 4. Let y = -8 + 3. What is the remainder when i(y) is divided by j?
4
Let c = 13 - -4. Let p(n) = 2*n + 6. Calculate the remainder when p(c) is divided by 16.
8
Let h = -49 - -1. What is the remainder when 18 is divided by (1/(8 + -5))/((-2)/h)?
2
Let t(q) = 2*q**2 - 8*q - 52. Calculate the remainder when 31 is divided by t(-4).
7
Let v(s) = s**2 - 37*s + 103. Calculate the remainder when 130 is divided by v(35).
31
Let d be 0*((-16)/(-4))/(-4). Suppose 3*s - 2*s = d. Suppose m = -s*m + 8. Calculate the remainder when m is divided by 4.
0
Let o(l) = 8*l - 37. Let a be o(5). Suppose h + 3*z = -2*z + 35, -a*h - 3*z = -45. What is the remainder when 69 is divided by h?
9
Let o(r) = 3*r**2 - 4*r - 3. Let f(h) = -37 + 103*h + 112 - 105*h. What is the remainder when f(22) is divided by o(-2)?
14
Let v = -51 + 53. Suppose -v*z = -0 - 6. Calculate the remainder when 14 is divided by z.
2
Let b = 45 + -33. Calculate the remainder when 82 is divided by b.
10
Suppose 5*l + 0*l - 5*c - 745 = 0, 422 = 3*l + 2*c. Suppose 4*u - u = l. What is the remainder when 19 is divided by (-2)/(2 - u/21)?
5
Let m(i) = -i**3 - 3*i**2 + 7*i + 4. Suppose -217*y = -214*y - 168. Calculate the remainder when y is divided by m(-5).
18
Let z be ((-15)/(-6) - 2)*-8. Let m = 6 + z. Suppose -4*c = 2*h - 88, 0 = -0*h - m*h - 5*c + 86. What is the remainder when h is divided by 25?
23
Suppose q = 5*i + 6*q + 780, 3*i = 4*q - 468. Let l = i + -210. Calculate the remainder when (6/(-4))/(9/l) is divided by 16.
13
Suppose 5*f = 15, 0*c + 4*f + 378 = 5*c. Suppose l - c = -0*t - t, 0 = -4*l + 3*t + 340. Calculate the remainder when l is divided by 21.
19
Suppose 124*h + 36 = 133*h. Calculate the remainder when 236 is divided by h.
0
Let a(t) be the first derivative of -t**4/4 + 19*t**3/3 + 27*t**2/2 - 49*t - 32. Calculate the remainder when a(20) is divided by 24.
19
Let y = 869 + -521. What is the remainder when y is divided by 25?
23
Let h = 6 - 4. Suppose -h*s + 4 = -s. Suppose 0*z + 5*z - 32 = -s*t, -8 = z - 4*t. What is the remainder when 11 is divided by z?
3
Let a = -5 - -10. Suppose 0 = y - 19 + a. Suppose -2*g + 2*m + 63 = -5, -2*m + 166 = 4*g. What is the remainder when g is divided by y?
11
Let q = -65 + 104. Let y(j) = 11*j - 2*j - 2 - 6*j**2 - 7*j + j**3. What is the remainder when q is divided by y(6)?
9
Suppose 4*h - 24 = 4*r - 16, 0 = -4*h + 5*r + 4. What is the remainder when 22 is divided by h?
4
Let l = 8 + -4. Suppose l*q = 7*q. Suppose d - 1 - 6 = q. Calculate the remainder when 13 is divided by d.
6
Let n(i) = -13*i + 85. Calculate the remainder when n(-8) is divided by 101.
88
Let h(n) = -8*n. Let r be h(-2). Let k = r + 3. Calculate the remainder when (3 - -3) + (-90)/(-3) is divided by k.
17
Let s = 233 - 217. Suppose -3*i = -15 - 0. Calculate the remainder when s is divided by i.
1
Let t(r) = 87*r + 56. Calculate the remainder when t(4) is divided by 58.
56
Let v = 9456 + -9431. Let j(m) = -m**3 + 5*m**2 - m - 2. Calculate the remainder when v is divided by j(2).
1
Let t be (3/2)/(1/206). Suppose -42*f + t = -39*f. What is the remainder when f is divided by 37?
29
Suppose 0*c + 6 = 2*c, -c + 90 = 3*w. Calculate the remainder when 107 is divided by w.
20
Let k(y) = 4*y**3 - 2*y**2 - 2*y + 3. What is the remainder when k(2) is divided by 3 + 15*2/3?
10
Suppose 162 = 7*r - 468. Let o be (-2)/1*49/(-2). Suppose -5*g + 59 = 3*d, o = 3*d - g - 22. What is the remainder